{"id":2532,"date":"2021-11-24T14:41:14","date_gmt":"2021-11-24T17:41:14","guid":{"rendered":"https:\/\/www.intelserv.com.br\/?page_id=2532"},"modified":"2026-03-28T15:26:41","modified_gmt":"2026-03-28T18:26:41","slug":"rascunho-automatico-2-2","status":"publish","type":"page","link":"https:\/\/www.intelmais.com\/?page_id=2532","title":{"rendered":""},"content":{"rendered":"<div class=\"vce-row-container\" data-vce-boxed-width=\"true\"><div class=\"vce-row vce-row--col-gap-30 vce-row-equal-height vce-row-content--top\" id=\"el-96618dc1\" data-vce-do-apply=\"all el-96618dc1\"><div class=\"vce-row-content\" data-vce-element-content=\"true\"><div class=\"vce-col vce-col--md-auto vce-col--xs-1 vce-col--xs-last vce-col--xs-first vce-col--sm-last vce-col--sm-first vce-col--md-first vce-col--lg-first vce-col--xl-first\" id=\"el-f7c42441\"><div class=\"vce-col-inner\" data-vce-do-apply=\"border margin background  el-f7c42441\"><div class=\"vce-col-content\" data-vce-element-content=\"true\" data-vce-do-apply=\"padding el-f7c42441\"><div class=\"vce-single-image-container vce-single-image--align-center\"><div class=\"vce vce-single-image-wrapper\" id=\"el-80dd8236\" data-vce-do-apply=\"all el-80dd8236\"><figure><div class=\"vce-single-image-figure-inner\"><div class=\"vce-single-image-inner vce-single-image--absolute\" style=\"width: 100%;\"><img loading=\"lazy\" decoding=\"async\" class=\"vce-single-image\"  width=\"0\" height=\"0\" src=\"https:\/\/www.intelmais.com\/wp-content\/uploads\/2021\/11\/openco-logo-1.png\" data-img-src=\"https:\/\/www.intelmais.com\/wp-content\/uploads\/2021\/11\/openco-logo-1.png\" data-attachment-id=\"2533\"  alt=\"\" title=\"openco-logo-1\" \/><\/div><\/div><figcaption hidden=\"\"><\/figcaption><\/figure><\/div><\/div><\/div><\/div><\/div><div class=\"vce-col vce-col--md-auto vce-col--xs-1 vce-col--xs-last vce-col--xs-first vce-col--sm-last vce-col--sm-first vce-col--md-last vce-col--lg-last vce-col--xl-last\" id=\"el-837c58f0\"><div class=\"vce-col-inner\" data-vce-do-apply=\"border margin background  el-837c58f0\"><div class=\"vce-col-content\" data-vce-element-content=\"true\" data-vce-do-apply=\"padding el-837c58f0\"><div class=\"vce-single-image-container vce-single-image--align-center\"><div class=\"vce vce-single-image-wrapper\" id=\"el-e0216456\" data-vce-do-apply=\"all el-e0216456\"><figure><div class=\"vce-single-image-figure-inner\" style=\"width: 300px;\"><div class=\"vce-single-image-inner vce-single-image--absolute\" style=\"width: 100%; padding-bottom: 57%;\"><img loading=\"lazy\" decoding=\"async\" class=\"vce-single-image\"  width=\"300\" height=\"171\" srcset=\"https:\/\/www.intelmais.com\/wp-content\/uploads\/2024\/11\/bizcapital-2-1-300x171.jpg 300w, https:\/\/www.intelmais.com\/wp-content\/uploads\/2024\/11\/bizcapital-2-1-320x183.jpg 320w, https:\/\/www.intelmais.com\/wp-content\/uploads\/2024\/11\/bizcapital-2-1-480x274.jpg 480w, https:\/\/www.intelmais.com\/wp-content\/uploads\/2026\/03\/bizcapital-2-1-800x456.jpg 800w, https:\/\/www.intelmais.com\/wp-content\/uploads\/2026\/03\/bizcapital-2-1-600x342.jpg 2x\" src=\"https:\/\/www.intelmais.com\/wp-content\/uploads\/2024\/11\/bizcapital-2-1-300x171.jpg\" data-img-src=\"https:\/\/www.intelmais.com\/wp-content\/uploads\/2024\/11\/bizcapital-2-1.jpg\" data-attachment-id=\"3083\"  alt=\"\" title=\"bizcapital-2\" \/><\/div><\/div><figcaption hidden=\"\"><\/figcaption><\/figure><\/div><\/div><\/div><\/div><\/div><\/div><\/div><\/div><div class=\"vce-row-container\" data-vce-boxed-width=\"true\"><div class=\"vce-row vce-row--col-gap-30 vce-row-equal-height vce-row-content--top\" id=\"el-55e75601\" data-vce-do-apply=\"all el-55e75601\"><div class=\"vce-row-content\" data-vce-element-content=\"true\"><div class=\"vce-col vce-col--md-auto vce-col--xs-1 vce-col--xs-last vce-col--xs-first vce-col--sm-last vce-col--sm-first vce-col--md-last vce-col--lg-last vce-col--xl-last vce-col--md-first vce-col--lg-first vce-col--xl-first\" id=\"el-54e467a2\"><div class=\"vce-col-inner\" data-vce-do-apply=\"border margin background  el-54e467a2\"><div class=\"vce-col-content\" data-vce-element-content=\"true\" data-vce-do-apply=\"padding el-54e467a2\"><div class=\"vce-single-image-container vce-single-image--align-center\"><div class=\"vce vce-single-image-wrapper\" id=\"el-b12ffa9b\" data-vce-do-apply=\"all el-b12ffa9b\" data-vce-animate=\"vce-o-animate--rubberBand\" data-vce-animate-delay=\"vce-o-animate-delay--5\"><figure><div class=\"vce-single-image-figure-inner\"><div class=\"vce-single-image-inner vce-single-image--absolute\" style=\"width: 100%;\"><img loading=\"lazy\" decoding=\"async\" class=\"vce-single-image\"  width=\"0\" height=\"0\" src=\"https:\/\/www.intelserv.com.br\/wp-content\/uploads\/2021\/11\/omne_chat.png\" data-img-src=\"https:\/\/www.intelserv.com.br\/wp-content\/uploads\/2021\/11\/omne_chat.png\" data-attachment-id=\"2488\"  alt=\"Canal de atendimento\" title=\"OMNE\" \/><\/div><\/div><figcaption hidden=\"\"><\/figcaption><\/figure><\/div><\/div><\/div><\/div><\/div><\/div><\/div><\/div><div class=\"vce-row-container\" data-vce-boxed-width=\"true\"><div class=\"vce-row vce-row--col-gap-30 vce-row-equal-height vce-row-content--top\" id=\"el-562beddc\" data-vce-do-apply=\"all el-562beddc\"><div class=\"vce-row-content\" data-vce-element-content=\"true\"><div class=\"vce-col vce-col--md-auto vce-col--xs-1 vce-col--xs-last vce-col--xs-first vce-col--sm-last vce-col--sm-first vce-col--md-last vce-col--lg-last vce-col--xl-last vce-col--md-first vce-col--lg-first vce-col--xl-first\" id=\"el-57f4589c\"><div class=\"vce-col-inner\" data-vce-do-apply=\"border margin background  el-57f4589c\"><div class=\"vce-content-background-container\"><\/div><div class=\"vce-col-content\" data-vce-element-content=\"true\" data-vce-do-apply=\"padding el-57f4589c\"><div class=\"vce-text-block\"><div class=\"vce-text-block-wrapper vce\" id=\"el-864d6ac9\" data-vce-do-apply=\"all el-864d6ac9\"><h2 style=\"text-align: center;\"><span style=\"color: #16c79a;\">Tudo bem contigo?<\/span><\/h2><p style=\"text-align: center;\">A IntelMais Servi\u00e7os de Callcenter \u00e9 representante da <strong>Geru Financeira e Rebel Financeira.<\/strong><\/p><p style=\"text-align: center;\">Ao selecionar o \u00edcone no canto inferior direito, ser\u00e3o abertas as op\u00e7\u00f5es de contato ou&nbsp;<a href=\"https:\/\/omne.link\/YAX5vj\" rel=\"noopener\">Clique Aqui!<\/a><\/p><\/div><\/div><\/div><\/div><\/div><\/div><\/div><\/div>\n","protected":false},"excerpt":{"rendered":"<p>Tudo bem contigo?A IntelMais Servi\u00e7os de Callcenter \u00e9 representante da Geru Financeira e Rebel Financeira.Ao selecionar o \u00edcone no canto inferior direito, ser\u00e3o abertas as op\u00e7\u00f5es de contato ou&nbsp;Clique Aqui!<\/p>\n","protected":false},"author":11,"featured_media":2209,"parent":0,"menu_order":0,"comment_status":"closed","ping_status":"closed","template":"","meta":{"neve_meta_sidebar":"","neve_meta_container":"","neve_meta_enable_content_width":"","neve_meta_content_width":0,"neve_meta_title_alignment":"","neve_meta_author_avatar":"","neve_post_elements_order":"","neve_meta_disable_header":"","neve_meta_disable_footer":"","neve_meta_disable_title":"","footnotes":""},"class_list":["post-2532","page","type-page","status-publish","has-post-thumbnail","hentry"],"yoast_head":"<!-- This site is optimized with the Yoast SEO plugin v27.2 - https:\/\/yoast.com\/product\/yoast-seo-wordpress\/ -->\n<title>Biz Capital \/ OpenCo \/ Geru e Rebel Financeiras - IntelMais<\/title>\n<meta name=\"robots\" content=\"index, follow, max-snippet:-1, max-image-preview:large, max-video-preview:-1\" \/>\n<link rel=\"canonical\" href=\"https:\/\/www.intelmais.com\/?page_id=2532\" \/>\n<meta property=\"og:locale\" content=\"pt_BR\" \/>\n<meta property=\"og:type\" content=\"article\" \/>\n<meta property=\"og:title\" content=\"Biz Capital \/ OpenCo \/ Geru e Rebel Financeiras - IntelMais\" \/>\n<meta property=\"og:description\" content=\"Tudo bem contigo?A IntelMais Servi\u00e7os de Callcenter \u00e9 representante da Geru Financeira e Rebel Financeira.Ao selecionar o \u00edcone no canto inferior direito, ser\u00e3o abertas as op\u00e7\u00f5es de contato ou&nbsp;Clique Aqui!\" \/>\n<meta property=\"og:url\" content=\"https:\/\/www.intelmais.com\/?page_id=2532\" \/>\n<meta property=\"og:site_name\" content=\"IntelMais\" \/>\n<meta property=\"article:publisher\" content=\"https:\/\/www.facebook.com\/intelmaiscallcenter\" \/>\n<meta property=\"article:modified_time\" content=\"2026-03-28T18:26:41+00:00\" \/>\n<meta property=\"og:image\" content=\"https:\/\/www.intelmais.com\/wp-content\/uploads\/2016\/05\/header-31.jpg\" \/>\n\t<meta property=\"og:image:width\" content=\"1920\" \/>\n\t<meta property=\"og:image:height\" content=\"110\" \/>\n\t<meta property=\"og:image:type\" content=\"image\/jpeg\" \/>\n<meta name=\"twitter:card\" content=\"summary_large_image\" \/>\n<script type=\"application\/ld+json\" class=\"yoast-schema-graph\">{\"@context\":\"https:\/\/schema.org\",\"@graph\":[{\"@type\":\"WebPage\",\"@id\":\"https:\/\/www.intelmais.com\/?page_id=2532\",\"url\":\"https:\/\/www.intelmais.com\/?page_id=2532\",\"name\":\"Biz Capital \/ OpenCo \/ Geru e Rebel Financeiras - IntelMais\",\"isPartOf\":{\"@id\":\"https:\/\/www.intelmais.com\/#website\"},\"primaryImageOfPage\":{\"@id\":\"https:\/\/www.intelmais.com\/?page_id=2532#primaryimage\"},\"image\":{\"@id\":\"https:\/\/www.intelmais.com\/?page_id=2532#primaryimage\"},\"thumbnailUrl\":\"https:\/\/www.intelmais.com\/wp-content\/uploads\/2016\/05\/header-31.jpg\",\"datePublished\":\"2021-11-24T17:41:14+00:00\",\"dateModified\":\"2026-03-28T18:26:41+00:00\",\"breadcrumb\":{\"@id\":\"https:\/\/www.intelmais.com\/?page_id=2532#breadcrumb\"},\"inLanguage\":\"pt-BR\",\"potentialAction\":[{\"@type\":\"ReadAction\",\"target\":[\"https:\/\/www.intelmais.com\/?page_id=2532\"]}]},{\"@type\":\"ImageObject\",\"inLanguage\":\"pt-BR\",\"@id\":\"https:\/\/www.intelmais.com\/?page_id=2532#primaryimage\",\"url\":\"https:\/\/www.intelmais.com\/wp-content\/uploads\/2016\/05\/header-31.jpg\",\"contentUrl\":\"https:\/\/www.intelmais.com\/wp-content\/uploads\/2016\/05\/header-31.jpg\",\"width\":1920,\"height\":110},{\"@type\":\"BreadcrumbList\",\"@id\":\"https:\/\/www.intelmais.com\/?page_id=2532#breadcrumb\",\"itemListElement\":[{\"@type\":\"ListItem\",\"position\":1,\"name\":\"In\u00edcio\",\"item\":\"https:\/\/www.intelmais.com\/\"},{\"@type\":\"ListItem\",\"position\":2,\"name\":\"Biz Capital \/ OpenCo \/ Geru e Rebel Financeiras\"}]},{\"@type\":\"WebSite\",\"@id\":\"https:\/\/www.intelmais.com\/#website\",\"url\":\"https:\/\/www.intelmais.com\/\",\"name\":\"IntelMais\",\"description\":\"Servi\u00e7os de Callcenter\",\"publisher\":{\"@id\":\"https:\/\/www.intelmais.com\/#organization\"},\"potentialAction\":[{\"@type\":\"SearchAction\",\"target\":{\"@type\":\"EntryPoint\",\"urlTemplate\":\"https:\/\/www.intelmais.com\/?s={search_term_string}\"},\"query-input\":{\"@type\":\"PropertyValueSpecification\",\"valueRequired\":true,\"valueName\":\"search_term_string\"}}],\"inLanguage\":\"pt-BR\"},{\"@type\":\"Organization\",\"@id\":\"https:\/\/www.intelmais.com\/#organization\",\"name\":\"IntelMais\",\"url\":\"https:\/\/www.intelmais.com\/\",\"logo\":{\"@type\":\"ImageObject\",\"inLanguage\":\"pt-BR\",\"@id\":\"https:\/\/www.intelmais.com\/#\/schema\/logo\/image\/\",\"url\":\"https:\/\/www.intelmais.com\/wp-content\/uploads\/2022\/03\/LogoHorizontalColor250x55.png\",\"contentUrl\":\"https:\/\/www.intelmais.com\/wp-content\/uploads\/2022\/03\/LogoHorizontalColor250x55.png\",\"width\":250,\"height\":63,\"caption\":\"IntelMais\"},\"image\":{\"@id\":\"https:\/\/www.intelmais.com\/#\/schema\/logo\/image\/\"},\"sameAs\":[\"https:\/\/www.facebook.com\/intelmaiscallcenter\",\"https:\/\/www.instagram.com\/intelmais.callcenter\/\"]}]}<\/script>\n<!-- \/ Yoast SEO plugin. -->","yoast_head_json":{"title":"Biz Capital \/ OpenCo \/ Geru e Rebel Financeiras - IntelMais","robots":{"index":"index","follow":"follow","max-snippet":"max-snippet:-1","max-image-preview":"max-image-preview:large","max-video-preview":"max-video-preview:-1"},"canonical":"https:\/\/www.intelmais.com\/?page_id=2532","og_locale":"pt_BR","og_type":"article","og_title":"Biz Capital \/ OpenCo \/ Geru e Rebel Financeiras - IntelMais","og_description":"Tudo bem contigo?A IntelMais Servi\u00e7os de Callcenter \u00e9 representante da Geru Financeira e Rebel Financeira.Ao selecionar o \u00edcone no canto inferior direito, ser\u00e3o abertas as op\u00e7\u00f5es de contato ou&nbsp;Clique Aqui!","og_url":"https:\/\/www.intelmais.com\/?page_id=2532","og_site_name":"IntelMais","article_publisher":"https:\/\/www.facebook.com\/intelmaiscallcenter","article_modified_time":"2026-03-28T18:26:41+00:00","og_image":[{"width":1920,"height":110,"url":"https:\/\/www.intelmais.com\/wp-content\/uploads\/2016\/05\/header-31.jpg","type":"image\/jpeg"}],"twitter_card":"summary_large_image","schema":{"@context":"https:\/\/schema.org","@graph":[{"@type":"WebPage","@id":"https:\/\/www.intelmais.com\/?page_id=2532","url":"https:\/\/www.intelmais.com\/?page_id=2532","name":"Biz Capital \/ OpenCo \/ Geru e Rebel Financeiras - IntelMais","isPartOf":{"@id":"https:\/\/www.intelmais.com\/#website"},"primaryImageOfPage":{"@id":"https:\/\/www.intelmais.com\/?page_id=2532#primaryimage"},"image":{"@id":"https:\/\/www.intelmais.com\/?page_id=2532#primaryimage"},"thumbnailUrl":"https:\/\/www.intelmais.com\/wp-content\/uploads\/2016\/05\/header-31.jpg","datePublished":"2021-11-24T17:41:14+00:00","dateModified":"2026-03-28T18:26:41+00:00","breadcrumb":{"@id":"https:\/\/www.intelmais.com\/?page_id=2532#breadcrumb"},"inLanguage":"pt-BR","potentialAction":[{"@type":"ReadAction","target":["https:\/\/www.intelmais.com\/?page_id=2532"]}]},{"@type":"ImageObject","inLanguage":"pt-BR","@id":"https:\/\/www.intelmais.com\/?page_id=2532#primaryimage","url":"https:\/\/www.intelmais.com\/wp-content\/uploads\/2016\/05\/header-31.jpg","contentUrl":"https:\/\/www.intelmais.com\/wp-content\/uploads\/2016\/05\/header-31.jpg","width":1920,"height":110},{"@type":"BreadcrumbList","@id":"https:\/\/www.intelmais.com\/?page_id=2532#breadcrumb","itemListElement":[{"@type":"ListItem","position":1,"name":"In\u00edcio","item":"https:\/\/www.intelmais.com\/"},{"@type":"ListItem","position":2,"name":"Biz Capital \/ OpenCo \/ Geru e Rebel Financeiras"}]},{"@type":"WebSite","@id":"https:\/\/www.intelmais.com\/#website","url":"https:\/\/www.intelmais.com\/","name":"IntelMais","description":"Servi\u00e7os de Callcenter","publisher":{"@id":"https:\/\/www.intelmais.com\/#organization"},"potentialAction":[{"@type":"SearchAction","target":{"@type":"EntryPoint","urlTemplate":"https:\/\/www.intelmais.com\/?s={search_term_string}"},"query-input":{"@type":"PropertyValueSpecification","valueRequired":true,"valueName":"search_term_string"}}],"inLanguage":"pt-BR"},{"@type":"Organization","@id":"https:\/\/www.intelmais.com\/#organization","name":"IntelMais","url":"https:\/\/www.intelmais.com\/","logo":{"@type":"ImageObject","inLanguage":"pt-BR","@id":"https:\/\/www.intelmais.com\/#\/schema\/logo\/image\/","url":"https:\/\/www.intelmais.com\/wp-content\/uploads\/2022\/03\/LogoHorizontalColor250x55.png","contentUrl":"https:\/\/www.intelmais.com\/wp-content\/uploads\/2022\/03\/LogoHorizontalColor250x55.png","width":250,"height":63,"caption":"IntelMais"},"image":{"@id":"https:\/\/www.intelmais.com\/#\/schema\/logo\/image\/"},"sameAs":["https:\/\/www.facebook.com\/intelmaiscallcenter","https:\/\/www.instagram.com\/intelmais.callcenter\/"]}]}},"_links":{"self":[{"href":"https:\/\/www.intelmais.com\/index.php?rest_route=\/wp\/v2\/pages\/2532","targetHints":{"allow":["GET"]}}],"collection":[{"href":"https:\/\/www.intelmais.com\/index.php?rest_route=\/wp\/v2\/pages"}],"about":[{"href":"https:\/\/www.intelmais.com\/index.php?rest_route=\/wp\/v2\/types\/page"}],"author":[{"embeddable":true,"href":"https:\/\/www.intelmais.com\/index.php?rest_route=\/wp\/v2\/users\/11"}],"replies":[{"embeddable":true,"href":"https:\/\/www.intelmais.com\/index.php?rest_route=%2Fwp%2Fv2%2Fcomments&post=2532"}],"version-history":[{"count":21,"href":"https:\/\/www.intelmais.com\/index.php?rest_route=\/wp\/v2\/pages\/2532\/revisions"}],"predecessor-version":[{"id":3166,"href":"https:\/\/www.intelmais.com\/index.php?rest_route=\/wp\/v2\/pages\/2532\/revisions\/3166"}],"wp:featuredmedia":[{"embeddable":true,"href":"https:\/\/www.intelmais.com\/index.php?rest_route=\/wp\/v2\/media\/2209"}],"wp:attachment":[{"href":"https:\/\/www.intelmais.com\/index.php?rest_route=%2Fwp%2Fv2%2Fmedia&parent=2532"}],"curies":[{"name":"wp","href":"https:\/\/api.w.org\/{rel}","templated":true}]}}